+ 6*j - 1. Let r be s(6). Let x(u) = 6*u**3 - u**2 - u. Calculate x(r).
-6
Let v be (-17 + 2)*2/(-5). Let p(d) = -2*d + 7. Let o be p(v). Let u(i) = -i**3 - 4*i**2 + 3*i - 3. Determine u(o).
7
Let x(r) = r**3 + r**2 + r - 1. Let q(a) = -a**3 + 4*a**2 + 5*a + 1. Let h be q(5). Let j(i) = 2*i**3 + 4*i**2 + 2*i. Let m(v) = h*j(v) - x(v). What is m(-2)?
3
Let a(j) be the second derivative of j**3/6 + 2*j**2 + 8*j. Determine a(-4).
0
Let k be 440/45 + 4/18. Suppose 3*q - 5*i + k = 0, -4*q - 6*i + 5*i - 21 = 0. Let u = 2 + q. Let y(r) = r + 3. Give y(u).
0
Let i(p) = -14*p + 1. Let y be 1*(2/4 + 7/14). Determine i(y).
-13
Suppose 3*b = 8 - 2. Suppose -y + 4*h + 1 = -17, -4*y = b*h. Let f(z) = -3*z + z - z**y + 0*z**2 + 1. Give f(-2).
1
Let y(b) be the third derivative of b**4/6 + 7*b**3/6 - 18*b**2. Let l(s) = s. Suppose 3*n + 2*n = -25. Let h(m) = n*l(m) + y(m). Determine h(5).
2
Suppose 5*w = o - 12, w + 3*o + 18 = -2*o. Let m(q) = 4 + 4*q**2 - 7 + 2*q + q**3 + 1. Determine m(w).
1
Let q(r) = r**3 - 5*r**2 - 3*r + 6. Let d be (-5)/6*-4*(-225)/(-125). What is q(d)?
24
Let o be (-1 - -3)*(-48)/(-32). Let l(y) = -y**3 + 3*y**2 + 5*y - 2. Calculate l(o).
13
Let l(i) be the second derivative of i**5/10 - i**4/3 + i**3/6 + i**2 - 13*i. What is l(2)?
4
Let l be (8/1)/(-3 - -4). Let v = l + 0. Suppose 0*w - v = 2*w. Let r(q) = q**2 + 5*q + 5. Calculate r(w).
1
Let u(y) = -6*y**2 - 16. Let h(m) = -m**2 - 3. Let t(q) = -11*h(q) + 2*u(q). Let g(x) = -7*x**2 - 7*x + 1. Let r(o) = -g(o) + 6*t(o). Give r(-6).
-1
Let r(i) = 15*i + 24. Let m(z) = 3*z + 5. Let d(k) = 24*m(k) - 5*r(k). Suppose s - 8*b + 18 = -3*b, 4*b = -s + 18. Calculate d(s).
-6
Suppose 0 = -5*u - 6 + 11. Let y(d) = -d**2 + d + 1. Calculate y(u).
1
Let y be ((-2)/1)/(4/(-14)). Let c(u) = -u**3 - 5*u**3 - 1 + y*u**3 - u - 4*u**2. Determine c(4).
-5
Let s(y) = -6*y + 34. Let h be s(6). Let w(k) = k - 2. Give w(h).
-4
Let t be 1*-3*(-2 - 3). Suppose -3*o - 2*o - t = 0. Let k(j) = j + 1. Calculate k(o).
-2
Suppose 0*h = -3*r - 5*h + 31, -4*r + 5*h = -18. Suppose 3 = -b + r. Let d(v) = -2*v**3 - b*v**2 + 0 + 2 + v**3. Determine d(-2).
-6
Let v(d) = -4*d - 2*d - 2*d + d**2 - 6 + 9. Calculate v(3).
-12
Suppose 0 = -5*a - 19 - 6. Let h(s) = -2*s - 7. What is h(a)?
3
Let c(u) = -u - 6. Suppose -3*h = -5*h + 10. Suppose 4*l = r - 23, h*r + 17 = l - 3*l. Determine c(l).
0
Let k(q) = 4*q**2 - 2*q + 1. Let s(n) be the third derivative of n**2 + 1/6*n**3 + 0*n - 1/60*n**5 - 1/24*n**4 + 0. Let p be s(0). Determine k(p).
3
Let l be (4/6)/((-2)/6). Let x be (l - (-6)/3)*-1. Let f(r) = -r**2 - r + 2. What is f(x)?
2
Suppose 0 = x, -5*n - 4*x - 8 = -18. Let t = -13 - -19. Let z(a) = -2*a**3 - 2 - t*a**3 + 9*a**3. Give z(n).
6
Let h(i) be the third derivative of 5*i**5/12 + 2*i**3/3 - 3*i**2. Let c(k) = -6*k**2 - 1. Let o(s) = -9*c(s) - 2*h(s). Give o(1).
5
Let b be 2/8 - 102/24. Let z be 2 - 2/b*-10. Let a(t) = -2*t - 4. Calculate a(z).
2
Let w(j) = 3*j + 3. Let u be ((-2)/(-6))/((-2)/(-12)). Suppose g - 2 = u*g. Give w(g).
-3
Let z(p) = -3*p - 4. Let l be -1 - -1 - 1 - 4. Let t(d) = d**3 - 6*d**2 - 8*d + 5. Let s be t(7). Let o = l - s. What is z(o)?
5
Let k(n) be the first derivative of -n**3/3 - 2*n**2 + 5*n + 1. Suppose -15*v = 12*v + 135. What is k(v)?
0
Suppose 2*d + 5 - 1 = 0. Let g(u) = -2*u - 2 - 3*u + 6*u. Calculate g(d).
-4
Let q(g) = -g + 1. Suppose 9 - 7 = 2*t. Determine q(t).
0
Let o(j) = -5*j**3 + 8*j**2 - 2*j - 14. Let k(h) = -2*h**3 + 3*h**2 - h - 5. Let l(m) = -8*k(m) + 3*o(m). Determine l(2).
10
Suppose 0 = 2*w - 0*w - 2. Let j(k) = -24*k + 45*k - 21*k + 5*k**3 + 1. Determine j(w).
6
Let y(r) = -r + 3. Let v(m) be the first derivative of m**3/3 + 2*m**2 + 4*m - 4. Let w be v(-3). Let z be (-10)/(2/(0 - w)). Give y(z).
-2
Suppose 0 = 2*x + x + 2*s - 3, -5*x - 11 = -2*s. Let t be 2 + (3 + x)*1. Let d(y) = -y**3 + 3*y**2 + 2*y + 1. What is d(t)?
-7
Let v be (7/(-3) - -2)*6. Let l = 5 + v. Let o(a) = l + 4 - a - 9. Determine o(5).
-7
Let o(v) be the second derivative of -v**3/6 + v**2/2 - 3*v. Suppose -3*d + 30 = -6. Suppose 0 = -k - 2*k - d. Calculate o(k).
5
Let p = -3 - -3. Suppose -u - u + 10 = p. Let b(f) = -f - 1. Let j(a) = 4*a + 13. Let y(s) = -5*b(s) - j(s). Determine y(u).
-3
Let p(t) be the third derivative of t**5/60 + 5*t**4/24 + 2*t**3/3 + 4*t**2. Calculate p(-5).
4
Let b(l) = 2*l**2 - l - 1. Let p be (-10)/45 - (-16)/(-9). Let z be b(p). Let f be (z/6)/(9/12). Let o(t) = -3*t**2 + t + 1. What is o(f)?
-9
Let c(j) = -4*j. Suppose u + 2*u - 18 = 0. Let t = u + -7. Determine c(t).
4
Let h be 2*-1 - -2 - 9. Let l = 7 + h. Let b = l + 5. Let g(p) = -2*p + 1. Determine g(b).
-5
Let g(s) be the first derivative of s**3/3 + 5*s**2/2 + 6*s - 1. Let a be ((-10)/6 - 0)*3. Calculate g(a).
6
Let s(n) = 6 - 4*n - 13*n**2 + 14*n**2 - n. Calculate s(6).
12
Let n(b) = -b**2 + b + 1. Let w be (1/(-3))/((-2 + 3)/3). What is n(w)?
-1
Let n(b) be the third derivative of b**4/8 + b**3/6 - 24*b**2. Give n(-3).
-8
Let k(i) be the second derivative of 3*i**3/2 - i**2 + 18*i. Give k(-2).
-20
Let f(n) be the first derivative of n**5/20 + n**4/4 - 7*n**3/6 - 5*n**2/2 + 5*n - 1. Let u(w) be the first derivative of f(w). Give u(-4).
7
Let z = 17 + -15. Let j(g) = g**2 + 0*g**2 + 0*g**z + 6*g. Let i(y) = y - 5. Let l be i(0). Determine j(l).
-5
Let b(f) = -f + 6. Let n(g) = -g. Let j(i) = -b(i) + 2*n(i). Give j(-6).
0
Let q(p) = 5*p - 2*p**3 - 5*p**3 - 2 + 6*p**3 - 3*p**2 - p. What is q(-4)?
-2
Let m(y) = y**3 + 2*y**2 + y - 7. Let w(p) = p**3 + 2*p**2 + p - 6. Let h(k) = 6*m(k) - 7*w(k). Give h(-2).
2
Let q(b) = -b**3 + 6*b**2 - 7*b - 1. Suppose 5*w = 4*o + 10, 0 - 10 = -2*o. Let h be (20/w)/(4/6). Determine q(h).
-11
Let n be 60/(-18)*(-6)/(-5). Let o(g) = g**2 + 4*g + 2. What is o(n)?
2
Let r(n) be the first derivative of -n**3/3 + 7*n**2/2 - 4*n + 34. Calculate r(5).
6
Suppose -2*s - 2*s = 4*n - 52, -2*s = -3*n - 6. Let y = -3 + s. Let c(j) = 3*j + y - 5 - 4*j - 3*j**2 - j. Determine c(-2).
-7
Let c be ((-21)/6)/((-1)/2). Suppose c = w + 2. Let d(n) be the first derivative of n**2/2 - 5*n + 2. Determine d(w).
0
Let m(f) = 5*f**2. Let b be m(-1). Let i(k) = -k**2 - 5*k - 1. Let g(a) = 2*a**2 + 10*a + 1. Let z(y) = b*i(y) + 2*g(y). Determine z(-4).
1
Let v(n) = -6*n**3 + 1 - 20*n + 15*n + 5*n. Calculate v(1).
-5
Suppose 0 = z + 2*z - 7*z. Let c(p) = -p**2 + 2. Calculate c(z).
2
Let u(a) = -a + 7. Let k be u(5). Suppose -6 = -k*y - 2. Let q(r) = r + r + y*r - 5*r + 5. What is q(5)?
0
Let x(r) = r - 2 + 3 + 0*r + 0*r. Let t(d) = d**3 + 4*d**2 - d + 2. Let p(s) = t(s) - 4*x(s). What is p(-5)?
-2
Let n(t) = t**2 + 8*t - 4. Let y(v) = -v + 10. Let q be y(6). Let s = q + -12. Determine n(s).
-4
Suppose -4*w - 1 = 3*p, 3 = -3*w - 0*w. Let h(x) = -1 - p + 5*x + 4 - x**3 - x**2 - x. Calculate h(-3).
8
Let b(j) = j**3 - 7*j**2 + 8*j - 4. Suppose 51 = 5*s - 9. Suppose z + a = 5, 5*z + s - 47 = 5*a. Give b(z).
8
Let s(l) = -l + 12. Let o be s(14). Let d(v) = 5*v - 1. Calculate d(o).
-11
Let o(m) = 2*m - 18. Let t be o(7). Let u be (3/4)/((-2)/(-8)). Let b(d) = -4 - u*d**2 + 2*d - 1 + d - d**3. Give b(t).
-1
Let t be 1*((-4)/(-1))/(7 - 9). Let b(w) = 2*w**3 - w**2 - 2*w. Determine b(t).
-16
Suppose -5*l + 2 = 4*v, -4*l + v + 2 = -8. Let n(p) = p**l + p**2 - p**2 + 1 - 6*p. Let c(b) = -3*b - 1. Let j be c(-2). Calculate n(j).
-4
Suppose -5*m + 3*b - 28 + 6 = 0, -b - 1 = 0. Let s(a) = a**2 - 1. Let d be s(-1). Let k(c) = c - 2 + 4 + d*c. Give k(m).
-3
Suppose 3*f + 0*f - 6 = 3*w, -3*w - 11 = -4*f. Let m(l) = l**3 - 5*l**2 + l + 5. Give m(f).
10
Let u(y) be the first derivative of y**6/120 - y**5/15 - y**4/4 - y**3/3 + 2*y**2 + 4. Let o(w) be the second derivative of u(w). Give o(5).
-7
Let i = 10 - 4. Let l(t) = t**3 - 6*t**2 - 2*t + 6. Determine l(i).
-6
Let j(w) be the first derivative of w**3/3 + 2*w**2 - 5*w - 16. What is j(-4)?
-5
Let y(c) = 44*c**2 + 11*c - 11. Let h(r) = 15*r**2 + 4*r - 4. Let o(v) = -11*h(v) + 4*y(v). Suppose 0 = 5*z + z - 24. Suppose -3 = z*b + 1. Determine o(b).
11
Let s be (-26)/(-5) + 2/(-10). Suppose 0 = s*n - 3*v + 5, 9 + 4 = -2*n - v. Let a be n/14 - 4/(-14). Let c(f) = f**3 - f**2 - 1. Calculate c(a).
-1
Let v(g) = -3 + 4*g**3 + 4*g - 5*g**3 - 6*g - 1 + 4*g**2. Determine v(3).
-1
Let y(r) = 